{"id":8,"date":"2019-10-01T19:21:40","date_gmt":"2019-10-01T19:21:40","guid":{"rendered":"http:\/\/staging.elcom-computer.de\/?page_id=8"},"modified":"2019-10-07T21:54:56","modified_gmt":"2019-10-07T19:54:56","slug":"technik-wartung","status":"publish","type":"page","link":"https:\/\/elcom-computer.de\/?page_id=8","title":{"rendered":"Technik\/Wartung"},"content":{"rendered":"<h3>\u201eUnd das gerade jetzt!\u201c<\/h3>\n<p><img loading=\"lazy\" decoding=\"async\" class=\"size-medium wp-image-190 alignright\" src=\"http:\/\/staging.elcom-computer.de\/wp-content\/uploads\/2019\/10\/computer-893226-300x199.jpg\" alt=\"\" width=\"300\" height=\"199\" srcset=\"https:\/\/elcom-computer.de\/wp-content\/uploads\/2019\/10\/computer-893226-300x199.jpg 300w, https:\/\/elcom-computer.de\/wp-content\/uploads\/2019\/10\/computer-893226-768x510.jpg 768w, https:\/\/elcom-computer.de\/wp-content\/uploads\/2019\/10\/computer-893226-1024x680.jpg 1024w\" sizes=\"auto, (max-width: 300px) 100vw, 300px\" \/>IT-Probleme kommen immer ungelegen. Lassen Sie es nicht soweit kommen! Eine regelm\u00e4\u00dfige Kontrolle Ihrer kritischen und wichtigen IT-Systeme l\u00e4sst viele Fehler und Probleme fr\u00fchzeitig erkennen und geeignete Gegenma\u00dfnahmen einleiten.<\/p>\n<p>Elementar wichtig und bei vielen IT-Netzwerken nur unzureichend oder gar nicht vorhanden ist eine komplette, detaillierte und nachvollziehbare Netzwerkdokumentation, um im Krisen- oder Supportfall schnell den korrekten Zustand wiederherstellen zu k\u00f6nnen.<\/p>\n<p>Wir setzen dabei auf standardisierte und zertifizierte L\u00f6sungen innovativer Unternehmen. Unsere verschiedenen Wartungskonzepte passen auch zu Ihren Anforderungen.<\/p>\n","protected":false},"excerpt":{"rendered":"<p>\u201eUnd das gerade jetzt!\u201c IT-Probleme kommen immer ungelegen. Lassen Sie es nicht soweit kommen! Eine regelm\u00e4\u00dfige Kontrolle Ihrer kritischen und wichtigen IT-Systeme l\u00e4sst viele Fehler und Probleme fr\u00fchzeitig erkennen und geeignete Gegenma\u00dfnahmen einleiten. Elementar wichtig und bei vielen IT-Netzwerken nur<\/p>\n","protected":false},"author":1,"featured_media":0,"parent":0,"menu_order":0,"comment_status":"closed","ping_status":"closed","template":"","meta":{"footnotes":""},"class_list":["post-8","page","type-page","status-publish","hentry"],"_links":{"self":[{"href":"https:\/\/elcom-computer.de\/index.php?rest_route=\/wp\/v2\/pages\/8","targetHints":{"allow":["GET"]}}],"collection":[{"href":"https:\/\/elcom-computer.de\/index.php?rest_route=\/wp\/v2\/pages"}],"about":[{"href":"https:\/\/elcom-computer.de\/index.php?rest_route=\/wp\/v2\/types\/page"}],"author":[{"embeddable":true,"href":"https:\/\/elcom-computer.de\/index.php?rest_route=\/wp\/v2\/users\/1"}],"replies":[{"embeddable":true,"href":"https:\/\/elcom-computer.de\/index.php?rest_route=%2Fwp%2Fv2%2Fcomments&post=8"}],"version-history":[{"count":2,"href":"https:\/\/elcom-computer.de\/index.php?rest_route=\/wp\/v2\/pages\/8\/revisions"}],"predecessor-version":[{"id":206,"href":"https:\/\/elcom-computer.de\/index.php?rest_route=\/wp\/v2\/pages\/8\/revisions\/206"}],"wp:attachment":[{"href":"https:\/\/elcom-computer.de\/index.php?rest_route=%2Fwp%2Fv2%2Fmedia&parent=8"}],"curies":[{"name":"wp","href":"https:\/\/api.w.org\/{rel}","templated":true}]}}